
True
Does 5 divide 553?
False
Is 96 a factor of 1440?
True
Is 22 a factor of 74?
False
Does 94 divide 2820?
True
Is 265 a factor of 12190?
True
Is 25 a factor of 1216?
False
Does 12 divide 840?
True
Does 11 divide 3131?
False
Does 24 divide 3660?
False
Does 11 divide 4269?
False
Is 3 a factor of 56?
False
Does 7 divide 9023?
True
Is 68156 a multiple of 88?
False
Is 855 a multiple of 57?
True
Is 20025 a multiple of 267?
True
Does 3 divide 11186?
False
Is 5 a factor of 548?
False
Is 20 a factor of 385?
False
Is 41 a factor of 3374?
False
Does 4 divide 336?
True
Does 62 divide 3782?
True
Is 63 a factor of 4063?
False
Is 34 a factor of 11163?
False
Is 6422 a multiple of 169?
True
Is 36195 a multiple of 127?
True
Does 11 divide 352?
True
Does 115 divide 1840?
True
Does 38 divide 15653?
False
Does 19 divide 1048?
False
Is 44 a multiple of 4?
True
Is 12684 a multiple of 110?
False
Is 785 a multiple of 10?
False
Is 5736 a multiple of 18?
False
Is 29189 a multiple of 15?
False
Is 439 a multiple of 8?
False
Does 54 divide 4301?
False
Does 10 divide 137?
False
Is 38 a factor of 19108?
False
Is 42816 a multiple of 24?
True
Does 21 divide 6027?
True
Is 1776 a multiple of 12?
True
Is 38 a factor of 114?
True
Does 19 divide 76?
True
Is 4 a factor of 1307?
False
Does 87 divide 12528?
True
Is 682 a multiple of 31?
True
Is 6 a factor of 9277?
False
Is 7407 a multiple of 3?
True
Is 423 a multiple of 9?
True
Is 31 a factor of 310?
True
Does 23 divide 1219?
True
Does 72 divide 794?
False
Is 4276 a multiple of 21?
False
Is 2240 a multiple of 112?
True
Is 114 a factor of 109668?
True
Is 64 a factor of 1344?
True
Does 11 divide 942?
False
Does 11 divide 1322?
False
Is 13 a factor of 1943?
False
Is 231 a multiple of 35?
False
Does 6 divide 192?
True
Does 26 divide 6840?
False
Does 2 divide 1472?
True
Does 7 divide 231?
True
Is 16 a factor of 105775?
False
Is 1425 a multiple of 5?
True
Does 10 divide 34300?
True
Is 577 a multiple of 3?
False
Is 15 a factor of 11867?
False
Is 358 a factor of 49404?
True
Is 12386 a multiple of 22?
True
Is 13 a factor of 140?
False
Does 54 divide 1275?
False
Is 27 a factor of 1404?
True
Is 14 a factor of 36246?
True
Does 9 divide 835?
False
Is 30932 a multiple of 216?
False
Is 22056 a multiple of 56?
False
Does 75 divide 1350?
True
Does 53 divide 2150?
False
Does 12 divide 54?
False
Is 150 a factor of 4650?
True
Is 7 a factor of 16730?
True
Is 9 a factor of 691?
False
Is 14 a factor of 140?
True
Is 96 a multiple of 3?
True
Is 7 a factor of 35510?
False
Is 2150 a multiple of 50?
True
Does 7 divide 1571?
False
Is 8 a factor of 10617?
False
Is 693 a multiple of 4?
False
Is 690 a multiple of 46?
True
Is 268 a factor of 16530?
False
Does 47 divide 66117?
False
Does 9 divide 15047?
False
Does 6 divide 54?
True
Is 10 a factor of 21?
False
Is 169 a factor of 76497?
False
Is 77 a factor of 13937?
True
Does 2 divide 752?
True
Does 22 divide 3850?
True
Is 8 a factor of 488?
True
Is 10719 a multiple of 27?
True
Is 3280 a multiple of 28?
False
Does 10 divide 2292?
False
Does 9 divide 104?
False
Is 6719 a multiple of 6?
False
Is 5918 a multiple of 48?
False
Does 18 divide 3906?
True
Does 19 divide 5016?
True
Is 4 a factor of 413?
False
Is 7 a factor of 61374?
False
Does 7 divide 7716?
False
Is 51 a factor of 8058?
True
Is 18 a factor of 198?
True
Is 68775 a multiple of 25?
True
Does 7 divide 1351?
True
Is 4464 a multiple of 18?
True
Is 119 a factor of 11900?
True
Is 16875 a multiple of 135?
True
Is 10 a factor of 2015?
False
Is 4 a factor of 369?
False
Is 327 a multiple of 67?
False
Is 320 a multiple of 43?
False
Is 3634 a multiple of 75?
False
Is 211 a multiple of 3?
False
Is 26 a factor of 12692?
False
Is 3 a factor of 3765?
True
Does 23 divide 13640?
False
Is 576 a multiple of 12?
True
Is 8 a factor of 570?
False
Does 15 divide 1935?
True
Is 26 a factor of 6484?
False
Does 12 divide 11856?
True
Is 30 a multiple of 3?
True
Does 33 divide 4404?
False
Does 35 divide 1432?
False
Is 92 a factor of 92?
True
Is 41480 a multiple of 244?
True
Is 3780 a multiple of 18?
True
Is 6 a factor of 16470?
True
Is 955 a multiple of 13?
False
Is 8 a factor of 800?
True
Is 2812 a multiple of 74?
True
Does 33 divide 4323?
True
Does 10 divide 990?
True
Is 19 a factor of 25023?
True
Is 37 even?
False
Does 35 divide 4817?
False
Does 67 divide 256?
False
Is 564 a multiple of 6?
True
Is 1998 a multiple of 9?
True
Is 14 a factor of 3898?
False
Does 19 divide 2907?
True
Is 1351 a multiple of 10?
False
Does 16 divide 25424?
True
Does 14 divide 954?
False
Is 23 a factor of 53866?
True
Is 5 a factor of 2684?
False
Is 10331 a multiple of 66?
False
Is 13 a factor of 553?
False
Is 10067 a multiple of 169?
False
Is 5 a factor of 1780?
True
Is 4 a factor of 820?
True
Is 810 a multiple of 27?
True
Does 29 divide 57443?
False
Is 87 a factor of 7911?
False
Is 44 a factor of 17028?
True
Is 85 a factor of 3352?
False
Does 11 divide 480?
False
Is 153 a factor of 54927?
True
Does 16 divide 11280?
True
Does 3 divide 194?
False
Does 35 divide 140?
True
Does 134 divide 35296?
False
Is 32 a factor of 5312?
True
Is 33 a factor of 693?
True
Is 117 a factor of 17090?
False
Is 2343 a multiple of 47?
False
Is 11 a factor of 76175?
True
Does 17 divide 12598?
False
Does 15 divide 225?
True
Is 88 a factor of 4460?
False
Is 569 a multiple of 39?
False
Does 16 divide 2383?
False
Is 19 a factor of 14003?
True
Is 29484 a multiple of 179?
False
Is 558 a multiple of 18?
True
Is 6496 a multiple of 30?
False
Is 54730 a multiple of 130?
True
Does 121 divide 2155?
False
Does 7 divide 55720?
True
Is 499 a multiple of 41?
False
Is 3781 a multiple of 19?
True
Does 134 divide 33443?
False
Does 13 divide 1998?
False
Is 6 a factor of 716?
False
Is 50794 a multiple of 233?
True
Does 33 divide 1221?
True
Is 22196 a multiple of 124?
True
Is 19088 a multiple of 5?
False
Does 14 divide 1638?
True
Is 39 a factor of 2643?
False
Is 32928 a multiple of 14?
True
Is 8 a factor of 4640?
True
Is 82632 a multiple of 24?
True
Is 37 a factor of 185?
True
Is 10 a factor of 1070?
True
Is 3245 a multiple of 57?
False
Does 88 divide 5653?
False
Is 45 a factor of 1440?
True
Is 71 a factor of 44446?
True
Does 6 divide 14862?
True
Is 1134 a multiple of 63?
True
Does 24 divide 1056?
True
Is 7 a factor of 4385?
False
Is 41 a factor of 924?
False
Is 11 a factor of 13926?
True
Does 23 divide 1196?
True
Is 8894 a multiple of 7?
False
Is 47 a factor of 3575?
False
Does 10 divide 520?
True
Is 3 a factor of 23661?
True
Is 505 a factor of 16894?
False
Does 7 divide 10031?
True
Does 36 divide 32832?
True
Is 25 a factor of 831?
False
Is 440 a multiple of 10?
True
Is 876 a multiple of 12?
True
Is 40 a factor of 7704?
False
Is 2 a factor of 4341?
False
Is 31 a factor of 3069?
True
Is 1602 a multiple of 9?
True
Is 39 a factor of 53976?
True
Does 15 divide 199?
False
Is 23855 a multiple of 62?
False
Is 1601 a multiple of 10?
False
Does 90 divide 3150?
True
Does 7 divide 210?
True
Is 18847 a multiple of 19?
False
Is 10 a factor of 200?
True
Is 25 a factor of 794?
False
Does 7 divide 112?
True
Does 20 divide 5903?
False
Is 71424 a multiple of 18?
True
Is 18 a factor of 5708?
False
Does 243 divide 82377?
True
Does 33 divide 726?
True
Is 5 a factor of 620?
True
Does 18 divide 4154?
False
Is 27324 a multiple of 51?
False
Is 12285 a multiple of 21?
True
Does 72 divide 1025?
False
Is 5916 a multiple of 108?
False
Does 29 divide 6029?
False
Is 429 a multiple of 6?
False
Is 104 a factor of 4680?
True
Does 50 divide 1500?
True
Is 3496 a multiple of 92?
True
Does 142 divide 12883?
False
Is 3639 a multiple of 16?
False
Does 55 divide 192?
False
Does 30 divide 3090?
True
Is 88 a multiple of 22?
True
Is 87 a factor of 520?
False
Is 43 a factor of 6837?
True
Is 6 a factor of 366?
True
Is 41052 a multiple of 22?
True
Does 2 divide 2934?
True
Does 75 divide 611?
False
Is 18 a factor of 352?
False
Does 14 divide 1148?
True
Does 11 divide 45309?
True
Is 27293 a multiple of 168?
False
Is 9 a factor of 4149?
True
Is 18 a factor of 5634?
True
Is 147 a multiple of 13?
False
Is 14 a factor of 742?
True
Is 115 a factor of 27300?
False
Is 20459 a multiple of 41?
True
Does 18 divide 15876?
True
Is 51024 a multiple of 179?
False
Does 12 divide 3557?
False
Is 43567 a multiple of 